culate the remainder when 91/2 + 2*12/(-16) is divided by 15.
14
Let n be 3006/(-48) - 12/32. Calculate the remainder when 51 is divided by (-180)/(-7) - 18/n.
25
Suppose -33 = 17*z - 18*z - 3*a, 0 = -4*z - 4*a + 92. Calculate the remainder when 3/(-15) - (-342)/10 is divided by z.
16
Let s = 5601 - 3636. What is the remainder when s is divided by 16?
13
Let o = 3 - 3. Let b = -31 + o. Let m = -19 - b. What is the remainder when m is divided by 5?
2
Let u = -4 - -4. Let r(h) = h**2 - h + 5. Let s be r(u). Suppose s*y + 36 = k, -y + 5*y = 4*k - 64. Calculate the remainder when k is divided by 7.
4
Suppose 3*t + 3*t - 2*q - 1756 = 0, 2*t + 2*q - 596 = 0. What is the remainder when t is divided by 71?
10
Let p = 4 - -12. Calculate the remainder when (-580)/(-29) - 28/(-4) is divided by p.
11
Suppose 15 = 5*m + 5. Suppose -3*y + 20 = m*y. Let n = y - -3. Calculate the remainder when 32 is divided by n.
4
Let h(f) = -133*f - 255. What is the remainder when h(-7) is divided by 113?
111
Suppose 573 = 4*u - 3*w, 3*u - 4*u - 2*w = -135. Suppose -u - 18 = -y. What is the remainder when y is divided by 32?
31
Let n be (-34)/(-10) + (-10)/25. Let s = 66 - 10. Suppose -c + s = n*c. Calculate the remainder when 95 is divided by c.
11
Suppose -5 = -9*c + 10*c. Let p = c - -147. Calculate the remainder when p is divided by 36.
34
Let n = -168 + 188. Calculate the remainder when 135 is divided by n.
15
Suppose -4*y = -9*y - 95. Let i = y - -21. Let m(v) = -v - 2. What is the remainder when m(-9) is divided by i?
1
Suppose 0 = -u - 2, -2*t + 33 = 3*t - 4*u. Suppose -7 = 4*l + 21. Let n = 14 + l. What is the remainder when n is divided by t?
2
Suppose 4*j + z = 112, j - 103 = -2*j + 4*z. Let b(n) = 5*n + 6. Let h be b(5). Let v = h + -16. Calculate the remainder when j is divided by v.
14
Suppose 7*u - 69 = 4*u. Calculate the remainder when 64 is divided by u.
18
Let g(w) = -w**3 - 4*w**2 - 4*w - 12. Calculate the remainder when 359 is divided by g(-5).
29
Let u = -72 + 30. Let x = u + 52. What is the remainder when 37 is divided by x?
7
Let c(a) = -a**3 - 3*a + 200. Calculate the remainder when c(0) is divided by 41.
36
Let y be (-2)/8 - (-68)/16. Let d(v) = 2*v**2 - 3*v + 5. Let j = 157 + -109. What is the remainder when j is divided by d(y)?
23
Suppose 3*h = -x - 3*x + 244, 3*h - 245 = -5*x. What is the remainder when h is divided by 16?
0
Let x = 155 - 154. Calculate the remainder when 53 is divided by (1/(-2))/(3*x/(-54)).
8
Let t(g) = 6*g - 9. Let v be -2 - ((-1 - -2) + -3). Let w = 6 + v. What is the remainder when t(w) is divided by 7?
6
Calculate the remainder when ((-6)/15 - (-1184)/(-40))*-5 is divided by 72.
6
Suppose -7*h + 294 = -h. Calculate the remainder when 7/h - (-138)/14 is divided by 4.
2
Let m = -510 - -514. Calculate the remainder when 1023 is divided by m.
3
Suppose 3*j = 3*i - 1881, -40*i + 38*i - j = -1251. Calculate the remainder when i is divided by 17.
14
Let c = -2 + 3. Suppose 830 = 43*m + 529. What is the remainder when m is divided by c?
0
Let v be (2 + 1)/(51/34). What is the remainder when ((-4)/(-8))/(v/92) is divided by 9?
5
Suppose 37*s = 34*s + 57. What is the remainder when s is divided by 19?
0
Let k(x) = 15*x. Let o be k(-1). Let l(r) = -r**3 - 16*r**2 - 15*r + 8. What is the remainder when l(o) is divided by 8?
0
Let i = -15 - -23. Calculate the remainder when 39*(3/9)/(7/21) is divided by i.
7
Let b(u) = 3*u**2 - 5*u + 32. Let o be b(9). Suppose -34*w + o = -29*w. Let k(h) = h**2 - h - 3. Calculate the remainder when w is divided by k(-4).
12
Let y(m) = 2*m**2 - 22*m - 108. Calculate the remainder when (-82)/4*(-5 - -1) is divided by y(-4).
10
Calculate the remainder when 88 is divided by 25/2 + 15 + 434/(-28).
4
Let i = -14 + 25. Suppose 2*u = 5*c - 25, -u - 12 = -4*c + 5. Let a = u + 48. What is the remainder when a is divided by i?
10
Suppose -5*q + 2*l + 32 = 0, 2*q - 101*l = -98*l + 4. Suppose 3*f + 3 = -d, 10 = 2*d - 3*f + f. What is the remainder when q is divided by d?
2
Let v = -140 - -154. Let g be -6*-1*1/2. Suppose -g*t = b - 95, -2*t + 394 = 4*b + 54. What is the remainder when b is divided by v?
13
Let r(k) = -k**3 - 10*k**2 + 2. Let w be r(-10). Suppose w*h = -33 + 173. What is the remainder when h is divided by 24?
22
Let f(t) = t**3 - 7*t**2 - 8*t + 3. Let j be f(8). Suppose s - j + 1 = 0, 4*s + 337 = 5*h. What is the remainder when h is divided by 14?
13
Let z = 13 - -11. Let t = z + 7. Calculate the remainder when t is divided by 23.
8
Suppose 4 = 2*z, 215 = 17*d - 14*d + 4*z. Calculate the remainder when d is divided by 8.
5
What is the remainder when 60 is divided by (-86)/(144/(-75) + 8/(-100))?
17
Suppose -43*p = -7*p - 9936. What is the remainder when p is divided by 31?
28
Let w(p) = 7*p - 14. Let r = 43 + -32. Calculate the remainder when w(r) is divided by 22.
19
Let v = 32 - 7. Let c be 0 - (-6 + -2 + 6). Suppose -6*k - c*k + 56 = 0. Calculate the remainder when v is divided by k.
4
Let v(m) = 7*m**2 - 11*m - 7. Let c(k) = 11*k**2 - 17*k - 10. Let t(i) = -5*c(i) + 8*v(i). Calculate the remainder when 69 is divided by t(-3).
9
Calculate the remainder when 92 is divided by (35/3)/((-168)/(-18) - 9).
22
Let w(q) = -q**2 + q - 3. Let h be w(0). Let r be (27 - -3) + h + -4. Let s = r - 1. What is the remainder when 41 is divided by s?
19
Calculate the remainder when 116 is divided by (-3*(-5)/30)/((-1)/(-60)).
26
Let y(w) = 11*w**2 - 6*w + 2. Calculate the remainder when y(-4) is divided by 52.
46
Let j(b) = b**3 + 6*b**2 - 8*b + 3. Suppose 2*s = 3 - 1. Let l = -6 - s. Calculate the remainder when 38 is divided by j(l).
8
Suppose -44 = 2*c + 2*n - 104, 5*n = 4*c - 84. Let g be (-8)/(-4)*5/2. What is the remainder when c is divided by (-4)/10 + 52/g?
6
Let v(l) = l**3 + 27*l**2 + 24*l - 47. What is the remainder when 53 is divided by v(-26)?
3
Let u = 193 - 115. Suppose 12*k - 6*k = u. Calculate the remainder when k is divided by 4.
1
Suppose 3*b = 2*m + 181, -116 + 195 = b + 4*m. Calculate the remainder when 193 is divided by b.
4
Suppose 4*t + j - 123 = -4*j, -t = 5*j - 12. What is the remainder when 257 is divided by t?
35
Let z(t) = t - 32. Let d be z(0). Let v be (-2)/10 - d/10. Suppose -3*f = -v*l + 24, 0 = l - 6*f + 3*f - 18. What is the remainder when 6 is divided by l?
0
Let h be -39 + -3 + (8 - 2). Let a = -17 - h. Let d(q) = 10*q - 36. Calculate the remainder when d(11) is divided by a.
17
Calculate the remainder when 35 is divided by (-2)/20 + (-2 - (-205)/50).
1
Suppose b + 0*q = 5*q + 25, 5*b - 71 = -2*q. Calculate the remainder when 37 is divided by b.
7
Calculate the remainder when (-59)/6*(-45 - -27) is divided by 101.
76
Suppose 5*m + 2*m - 147 = 0. Let i be (0 - -1) + (-804)/(-6). What is the remainder when (i/6 + -2)*4 is divided by m?
19
Suppose -4*x - x + 4*l - 283 = 0, 0 = -3*l - 9. Let i = x - -77. What is the remainder when i is divided by 5?
3
Let o(u) = -4*u**3 + u**2 + 2. What is the remainder when 63 is divided by o(-2)?
25
Let b(h) = -h**3 + 9*h**2 + 5*h. Suppose -52*d + 50 = -876 + 94. What is the remainder when b(9) is divided by d?
13
Let w be 2/(-8)*2*0. Suppose w = -3*i + 28 - 1. Suppose -i*y + 8*y = -11. What is the remainder when 41 is divided by y?
8
Suppose 0 = -6*r + 2*r + 12. Suppose 0 = 4*m + r*g - 79, 5*m - 101 = g - 4*g. What is the remainder when 89 - 2*5*(328/20 - 16) is divided by m?
19
Suppose 176*f - 1492 = 172*f. What is the remainder when f is divided by 34?
33
Suppose 3*m + 301 = 5*r + 51, 0 = -3*m - 15. Suppose l + 6 = 31. What is the remainder when r is divided by l?
22
Suppose 3*b + 2*w - 7 = 3*w, -w - 15 = -5*b. Suppose b*o = 86 - 2. Suppose -5*i + o + 344 = 0. Calculate the remainder when i is divided by 25.
23
Suppose -3 + 88 = -a + 2*q, -5*a - 403 = q. Let i = a + 176. What is the remainder when i is divided by 25?
20
Suppose -3*a + 5 - 38 = -t, -10*a = -t + 96. Suppose -5 = -2*r + 5. Suppose i - 7 = 2*f, 4*f - 3*f + 17 = r*i. What is the remainder when t is divided by i?
0
Let p(a) = -a**3 + 8*a**2 - 10*a + 1. Let i be (-12)/(-7) + (-2)/(-7). Suppose 19 + 125 = i*d. Calculate the remainder when d is divided by p(4).
22
Let k = -3 + 7. Suppose m - 36 = -2*g - 7, k*g = -3*m + 91. What is the remainder when 2/11 - (-753)/m is divided by